digit of f?
5
Let z be (-1)/(((-15)/(-12))/(-5)). Suppose -2*i + o - z = 0, 5*i + o = -o - 10. What is the units digit of (-3)/(-6)*22 - i?
3
Suppose -4*c + 33 = i, 3*i + 2*c = 5*c + 114. What is the units digit of i?
7
Let b(k) = 3*k**3 - 2*k**2 - 2*k + 2. Let z be b(2). Let o = z - 8. Suppose 0 = 2*y - 28 - o. What is the tens digit of y?
1
Let k be 0 - 1 - (3 + -4). Let o be 15*(k - 2/(-6)). Suppose 3*g = -4*h + o, 5*g + 35 = 10. What is the units digit of h?
5
Suppose -2*z = -14 - 4. Suppose 10*x - 41 = z*x. What is the tens digit of x?
4
Suppose 0 = t - 2*p - 5, 4*t - 2*t - 10 = -p. Suppose 0*f + t*f = -s + 101, -5*f + 103 = 3*s. What is the tens digit of f?
2
Let p be 1*(1 + 5*4). Suppose 3*s + 4*q - 8 = p, -s - 3*q = -18. Let g = 6 - s. What is the units digit of g?
3
Suppose m = -w + 183 - 11, 3*w = m + 504. What is the units digit of w?
9
Let t = 26 + -18. Suppose t = o - 15. What is the tens digit of o?
2
Suppose 564 = 6*h - 0*h. What is the units digit of h?
4
Suppose 0 = -4*t - n + 248, -5*n - 36 + 346 = 5*t. What is the units digit of t?
2
Let i(c) = -4*c - 5. Let n be i(-4). Suppose -9 = -5*r + n. Suppose 3*z + 5*y = 30, y + r*y = 15. What is the units digit of z?
5
What is the units digit of ((-38)/(-3))/(16/72)?
7
Suppose -3*h = m, -3*h + 3 = -0*h. Let s = -39 - -25. What is the tens digit of s*((-18)/(-7))/m?
1
Suppose m - 34 = -m. Let z(c) = c**3 - 13*c**2 + 4. Let q be z(13). Suppose -3*b = 3*t - 51, q*b - 15 - m = 5*t. What is the units digit of b?
3
Let g be 1*-2 - (-432)/9. What is the units digit of 2/4*g*1?
3
Let u(f) = 2*f**2 - 5*f + 2. Let q be u(3). Let b = q - 8. Let g = b - -5. What is the units digit of g?
2
Suppose 5*h = 4*l - 4443, -5*h + 0*l - 4425 = 5*l. Let b = 581 + h. What is the units digit of (-2)/7 - b/42?
7
Suppose 5*j - 2*l + 21 = 0, j + 21 = -2*j + 4*l. Let u = -2 - j. Let d = u + 0. What is the units digit of d?
1
Suppose 5*i + 57 = 8*i. Let y = 18 + i. What is the tens digit of y?
3
Let o(j) = -j**2 + 4*j + 10. Let q be o(7). What is the units digit of 6/(-4)*(q - -7)?
6
Let c = 93 - 50. What is the tens digit of c?
4
Suppose 3 = 4*x - 5*v - 8, -3*x - 4*v + 16 = 0. Let m be x/(-14) - (-201)/(-7). Let k = -18 - m. What is the units digit of k?
1
Let i be 2*(-3 + 36/8). Let j(t) = t**3 + t**2 - 3*t + 3. Let a be j(-3). What is the units digit of (-34)/a + (-2)/i?
5
What is the tens digit of -4 - ((-4)/(-8) + (-555)/10)?
5
Let b(k) = k**3 - 6*k**2 + 2. What is the hundreds digit of b(8)?
1
Let y(b) be the first derivative of b**3/3 + 3*b**2/2 + 3*b - 1. Let f be y(-3). Suppose 5*t = -0*x - x - 3, 4*x - f*t = 11. What is the units digit of x?
2
Suppose 4*o - 5*o = -38. What is the units digit of o?
8
Suppose 0 = -4*j - 3*z - 28, 5*z + 1 = 3*j - 7. What is the units digit of (j - -3) + 5 + -1?
3
Suppose 8 = z + z. Suppose 0 = -z*q + 2*q + 26. What is the units digit of q?
3
Let v(b) = b**2 + 17*b + 8. Let k be v(-17). Let c be (-1)/(2/(-4)) + -3. Let y = k + c. What is the units digit of y?
7
What is the units digit of (2 + -13)*(-1 - 31)?
2
Suppose 8*f - 3*f = 15. Suppose -2*r - 2 = -f*r. Suppose -r*m + 8 = -22. What is the tens digit of m?
1
Let g(x) = -3*x - 3. Let f be g(-2). Let l = f + -2. Let i(a) = 11*a + 1. What is the units digit of i(l)?
2
Let r = 0 + 4. Suppose -5*z + r*z - 4 = 0. Let x(n) = -n**2 - 5*n. What is the units digit of x(z)?
4
Suppose 71 = n - 1. Suppose 4*h = 24 + n. What is the tens digit of h?
2
Let d be 550/(-143) - 4/26. What is the tens digit of 12 - -4*(-2)/d?
1
Suppose -3*n + 202 = k - 6*n, 0 = k - 5*n - 194. What is the tens digit of k?
1
Let s(h) = -20*h - 2. What is the units digit of s(-2)?
8
What is the tens digit of (-18)/9 + 31/1?
2
Let v = 41 - 26. What is the units digit of v?
5
Let g be 11/4 + (-1)/(-4). Suppose 0*m = -g*m + 6. What is the units digit of (-1 - -2)/(m/12)?
6
Let p(x) = 10*x**3 - 4*x**3 - 7*x - 3 - x**3 - 6*x**3 - 7*x**2. Let o(s) = 2*s + 4. Let u be o(-5). What is the units digit of p(u)?
3
Suppose 210 = -3*a + 612. What is the hundreds digit of a?
1
Let x = -11 - -7. Let n be 140/(-15)*6/x. Suppose -3*b + n = -16. What is the tens digit of b?
1
Let c = 183 - 55. Suppose -4*f + 19 = -5*i + 179, -4*i - 5*f + c = 0. What is the units digit of i?
2
Suppose -2*w = -2*u - 2*u, -2*u - 3*w + 8 = 0. Let y(b) = b**2 + 2*b + 1. Let k be y(-2). Let x = k + u. What is the units digit of x?
2
Let w be -2 + 1 + (1 - -2). Suppose -z - w*z = -6. What is the units digit of z?
2
What is the tens digit of (-8 + 3 - -1) + 87?
8
Let n(k) = 41*k**2 + k. Let v be n(1). What is the units digit of (-12)/10*(-1540)/v?
4
What is the tens digit of 910/60 + 2/(-12)?
1
Suppose -4*r - p = -122, -5*p = -r - 2*p + 24. What is the units digit of r?
0
Let w(m) = m**3 + 6*m**2 + 5*m. Let i be w(-5). Suppose i = -d + 3 - 1. Suppose -d*f + 16 - 4 = 0. What is the units digit of f?
6
Let v(q) = 22*q**2 + 5*q - 6. What is the units digit of v(2)?
2
Let y(h) = -h**3 + 13*h + 7. What is the units digit of y(-5)?
7
Let u(q) = q - 6. Let l be u(6). Suppose 16 = -4*b, l = -3*v - 7*b + 5*b - 2. What is the units digit of v?
2
Suppose 4*s = 141 + 115. What is the units digit of s?
4
Let w(p) = p**2 - 1. Let l(a) = -2*a**2 + 1. Let o(m) = l(m) + 3*w(m). What is the tens digit of o(-4)?
1
Let w = -60 - -112. What is the tens digit of w?
5
Let j = -26 + 60. What is the tens digit of j?
3
Let p(o) = 13*o + 4. What is the tens digit of p(2)?
3
What is the tens digit of (-732)/4*(-10)/15?
2
Suppose -q - 2*d + 30 = -4*d, 2*q = -d + 70. Let g = q + -16. What is the units digit of g?
8
Suppose -5*h + 24 = 9. Suppose 4*a = 4*y + 22 + 2, -h*a + 9 = 0. Let m = 5 + y. What is the units digit of m?
2
Let d be (13 + -7)*(-1 + 3). What is the units digit of (36/(-5))/(d/(-60))?
6
What is the units digit of (-11285)/(-30) - 1 - 1/6?
5
Suppose 0 = -3*m + 4*b + 12, 2*b - 3 = -m + 3*b. Suppose m*d - 4 = -2*d. What is the units digit of d?
2
Suppose 2*t - 50 = -0*f + f, -5*t - 2*f = -116. Suppose -m - 19 = -5*d, -8*d - 4*m = -3*d - t. What is the units digit of d?
4
Let c be 1/(-4)*2*-82. Let i = c + -24. What is the tens digit of i?
1
Suppose 0 = 5*p - 2*p - 18. Suppose -14*h - p = -16*h. Suppose 2*u - 22 = -h*s, s - 3 - 8 = -u. What is the units digit of u?
1
Let y(s) = s**3 - 3*s**2 + 5*s - 4. Suppose 2*o - 5 = -z + 2, 2*z - 2 = 0. What is the units digit of y(o)?
1
Suppose -m = 2*m. Let u(a) = a**2 + 2. Let p be u(m). Suppose -q = 3*n + 3*q - 23, -p = 2*q. What is the units digit of n?
9
Suppose 2*o = -2*o - 5*s + 33, 4*o = s + 3. Suppose -n - 2 = -o*n. Suppose w + 0*w = -k + 12, k - 17 = -n*w. What is the units digit of k?
7
Suppose -2*x = -4*x + 10. What is the units digit of 6/(-9) - x/(-3)?
1
Let w(i) be the second derivative of -i**4/12 + 3*i**3/2 - 7*i**2/2 + i. What is the units digit of w(6)?
1
Let i(n) = -4*n**2 - 2*n - 3. Let y be i(-2). Let p = -10 - y. Suppose x = p*x - 4. What is the units digit of x?
1
Suppose -3 = -3*y + 5*f + 217, -2*y = -5*f - 140. Suppose -k + 6*k = y. What is the tens digit of k?
1
Let w be 2*1/(2/5). Suppose -g + 2 = -10. Suppose -w*n + 3*i + g = 0, 16 = 3*n + 2*i + 5. What is the units digit of n?
3
What is the tens digit of (-674)/(-3) + (-16)/24?
2
Suppose -2*t = 7*m - 2*m - 18, -4*t + 6 = -5*m. Suppose 5*c - m*c = 33. What is the units digit of c?
1
Let h be 4/2*(-6)/(-3). Suppose h*d - 44 = -0*d. What is the tens digit of d?
1
Let t(m) be the third derivative of -m**4/24 - m**3/3 + m**2. Let c be t(-5). Suppose -b + 4*f = -8, c*b + 2*f = 42 - 18. What is the units digit of b?
8
Let t(v) = 4*v**2 + 1. Let w be t(1). Suppose 0 = 3*g + 12, -3*g - w = -3*n + 13. What is the units digit of n?
2
What is the units digit of (3 + (-885)/10)*(-2)/3?
7
What is the hundreds digit of (-11)/(-3)*(-2 + 53)?
1
Suppose 3*t = 2*t + 3. Suppose f = 4*r - 3*r + t, 0 = -f + 3. Suppose y = -3*s + 33, r*y = -4*s + 5*y + 25. What is the tens digit of s?
1
Suppose 5*h - 139 + 399 = 4*b, -130 = -2*b + 2*h. What is the units digit of b?
5
Let i = -13 - -55. What is the units digit of i?
2
Let u = 9 + -2. Suppose u*c - 4*c = 0. Suppose c*d = -d + 1. What is the units digit of d?
1
Let z = -17 - -10. Suppose -2*v = 4 - 2. Let c = v - z. What is the units digit of c?
6
Suppose -3*s - 2 = -s. Le